[INFO] cloning repository https://github.com/jamestthompson3/Rustventure
[INFO] running `Command { std: "git" "-c" "credential.helper=" "-c" "credential.helper=/workspace/cargo-home/bin/git-credential-null" "clone" "--bare" "https://github.com/jamestthompson3/Rustventure" "/workspace/cache/git-repos/https%3A%2F%2Fgithub.com%2Fjamestthompson3%2FRustventure", kill_on_drop: false }`
[INFO] [stderr] Cloning into bare repository '/workspace/cache/git-repos/https%3A%2F%2Fgithub.com%2Fjamestthompson3%2FRustventure'...
[INFO] running `Command { std: "git" "rev-parse" "HEAD", kill_on_drop: false }`
[INFO] [stdout] a37c6fcd670edf3a114b88df2656fc22dd938b09
[INFO] checking jamestthompson3/Rustventure against try#72f88fc4e9458f89516a0b8b0868f3718aec5b47 for pr-74989
[INFO] running `Command { std: "git" "clone" "/workspace/cache/git-repos/https%3A%2F%2Fgithub.com%2Fjamestthompson3%2FRustventure" "/workspace/builds/worker-14/source", kill_on_drop: false }`
[INFO] [stderr] Cloning into '/workspace/builds/worker-14/source'...
[INFO] [stderr] done.
[INFO] validating manifest of git repo https://github.com/jamestthompson3/Rustventure on toolchain 72f88fc4e9458f89516a0b8b0868f3718aec5b47
[INFO] running `Command { std: "/workspace/cargo-home/bin/cargo" "+72f88fc4e9458f89516a0b8b0868f3718aec5b47" "read-manifest" "--manifest-path" "Cargo.toml", kill_on_drop: false }`
[INFO] started tweaking git repo https://github.com/jamestthompson3/Rustventure
[INFO] finished tweaking git repo https://github.com/jamestthompson3/Rustventure
[INFO] tweaked toml for git repo https://github.com/jamestthompson3/Rustventure written to /workspace/builds/worker-14/source/Cargo.toml
[INFO] crate git repo https://github.com/jamestthompson3/Rustventure already has a lockfile, it will not be regenerated
[INFO] running `Command { std: "/workspace/cargo-home/bin/cargo" "+72f88fc4e9458f89516a0b8b0868f3718aec5b47" "fetch" "--locked" "--manifest-path" "Cargo.toml", kill_on_drop: false }`
[INFO] [stderr]     Blocking waiting for file lock on package cache
[INFO] [stderr]     Blocking waiting for file lock on package cache
[INFO] [stderr]  Downloading crates ...
[INFO] [stderr]   Downloaded wasm-bindgen-backend v0.2.40
[INFO] [stderr]   Downloaded bumpalo v2.3.0
[INFO] [stderr]   Downloaded js-sys v0.3.17
[INFO] [stderr]   Downloaded wasm-bindgen-macro-support v0.2.40
[INFO] [stderr]   Downloaded wasm-bindgen-shared v0.2.40
[INFO] [stderr]   Downloaded wasm-bindgen-macro v0.2.40
[INFO] [stderr]   Downloaded wasm-bindgen v0.2.40
[INFO] running `Command { std: "docker" "create" "-v" "/var/lib/crater-agent-workspace/builds/worker-14/target:/opt/rustwide/target:rw,Z" "-v" "/var/lib/crater-agent-workspace/builds/worker-14/source:/opt/rustwide/workdir:ro,Z" "-v" "/var/lib/crater-agent-workspace/cargo-home:/opt/rustwide/cargo-home:ro,Z" "-v" "/var/lib/crater-agent-workspace/rustup-home:/opt/rustwide/rustup-home:ro,Z" "-e" "SOURCE_DIR=/opt/rustwide/workdir" "-e" "CARGO_TARGET_DIR=/opt/rustwide/target" "-e" "CARGO_HOME=/opt/rustwide/cargo-home" "-e" "RUSTUP_HOME=/opt/rustwide/rustup-home" "-w" "/opt/rustwide/workdir" "-m" "1610612736" "--user" "0:0" "--network" "none" "rustops/crates-build-env@sha256:d92eaeed33fa75130ca1ee6c8a01d1ffb62bac859dfdfb3450e3e5d1c0146529" "/opt/rustwide/cargo-home/bin/cargo" "+72f88fc4e9458f89516a0b8b0868f3718aec5b47" "metadata" "--no-deps" "--format-version=1", kill_on_drop: false }`
[INFO] [stdout] d3ecf03cb62d5b773bb777c31f29d13d923019db6a7a7cedfed6226220646372
[INFO] [stderr] WARNING: Your kernel does not support swap limit capabilities or the cgroup is not mounted. Memory limited without swap.
[INFO] running `Command { std: "docker" "start" "-a" "d3ecf03cb62d5b773bb777c31f29d13d923019db6a7a7cedfed6226220646372", kill_on_drop: false }`
[INFO] running `Command { std: "docker" "inspect" "d3ecf03cb62d5b773bb777c31f29d13d923019db6a7a7cedfed6226220646372", kill_on_drop: false }`
[INFO] running `Command { std: "docker" "rm" "-f" "d3ecf03cb62d5b773bb777c31f29d13d923019db6a7a7cedfed6226220646372", kill_on_drop: false }`
[INFO] [stdout] d3ecf03cb62d5b773bb777c31f29d13d923019db6a7a7cedfed6226220646372
[INFO] running `Command { std: "docker" "create" "-v" "/var/lib/crater-agent-workspace/builds/worker-14/target:/opt/rustwide/target:rw,Z" "-v" "/var/lib/crater-agent-workspace/builds/worker-14/source:/opt/rustwide/workdir:ro,Z" "-v" "/var/lib/crater-agent-workspace/cargo-home:/opt/rustwide/cargo-home:ro,Z" "-v" "/var/lib/crater-agent-workspace/rustup-home:/opt/rustwide/rustup-home:ro,Z" "-e" "SOURCE_DIR=/opt/rustwide/workdir" "-e" "CARGO_TARGET_DIR=/opt/rustwide/target" "-e" "CARGO_INCREMENTAL=0" "-e" "RUST_BACKTRACE=full" "-e" "RUSTFLAGS=--cap-lints=forbid" "-e" "CARGO_HOME=/opt/rustwide/cargo-home" "-e" "RUSTUP_HOME=/opt/rustwide/rustup-home" "-w" "/opt/rustwide/workdir" "-m" "1610612736" "--user" "0:0" "--network" "none" "rustops/crates-build-env@sha256:d92eaeed33fa75130ca1ee6c8a01d1ffb62bac859dfdfb3450e3e5d1c0146529" "/opt/rustwide/cargo-home/bin/cargo" "+72f88fc4e9458f89516a0b8b0868f3718aec5b47" "check" "--frozen" "--all" "--all-targets" "--message-format=json", kill_on_drop: false }`
[INFO] [stdout] 5c44a362e8d0c67f26b765eb4b68808ca5ef23bf0726b552c3c4ad5f41092fc8
[INFO] [stderr] WARNING: Your kernel does not support swap limit capabilities or the cgroup is not mounted. Memory limited without swap.
[INFO] running `Command { std: "docker" "start" "-a" "5c44a362e8d0c67f26b765eb4b68808ca5ef23bf0726b552c3c4ad5f41092fc8", kill_on_drop: false }`
[INFO] [stderr]    Compiling proc-macro2 v0.4.24
[INFO] [stderr]    Compiling wasm-bindgen-shared v0.2.40
[INFO] [stderr]    Compiling serde v1.0.81
[INFO] [stderr]    Compiling ryu v0.2.7
[INFO] [stderr]    Compiling bumpalo v2.3.0
[INFO] [stderr]     Checking itoa v0.4.3
[INFO] [stderr]    Compiling wasm-bindgen v0.2.40
[INFO] [stderr]    Compiling libc v0.2.44
[INFO] [stderr]     Checking rand_core v0.3.0
[INFO] [stderr]     Checking cfg-if v0.1.6
[INFO] [stderr]     Checking rand_core v0.2.2
[INFO] [stderr]    Compiling quote v0.6.10
[INFO] [stderr]     Checking rand v0.5.5
[INFO] [stderr]    Compiling syn v0.15.22
[INFO] [stderr]    Compiling wasm-bindgen-backend v0.2.40
[INFO] [stderr]     Checking serde_json v1.0.33
[INFO] [stderr]    Compiling serde_derive v1.0.81
[INFO] [stderr]    Compiling wasm-bindgen-macro-support v0.2.40
[INFO] [stderr]    Compiling wasm-bindgen-macro v0.2.40
[INFO] [stderr]     Checking js-sys v0.3.17
[INFO] [stderr]     Checking console_error_panic_hook v0.1.5
[INFO] [stdout] error: return value of constructor must be a bare path
[INFO] [stdout]     --> /opt/rustwide/cargo-home/registry/src/github.com-1ecc6299db9ec823/js-sys-0.3.17/src/lib.rs:4046:13
[INFO] [stdout]      |
[INFO] [stdout] 4046 | /             /// The
[INFO] [stdout] 4047 | |             #[doc = $ctor]
[INFO] [stdout] 4048 | |             /// constructor creates an array of unsigned 8-bit integers.
[INFO] [stdout] 4049 | |             ///
[INFO] [stdout] ...    |
[INFO] [stdout] 4053 | |             #[wasm_bindgen(constructor)]
[INFO] [stdout] 4054 | |             pub fn new(constructor_arg: &JsValue) -> $name;
[INFO] [stdout]      | |___________________________________________________________^
[INFO] [stdout] ...
[INFO] [stdout] 4197 | / arrays! {
[INFO] [stdout] 4198 | |     /// `Int8Array()`
[INFO] [stdout] 4199 | |     /// https://developer.mozilla.org/en-US/docs/Web/JavaScript/Reference/Global_Objects/Int8Array
[INFO] [stdout] 4200 | |     Int8Array: i8,
[INFO] [stdout] ...    |
[INFO] [stdout] 4232 | |     Float64Array: f64,
[INFO] [stdout] 4233 | | }
[INFO] [stdout]      | |_- in this macro invocation
[INFO] [stdout]      |
[INFO] [stdout]      = note: this error originates in a macro (in Nightly builds, run with -Z macro-backtrace for more info)
[INFO] [stdout] 
[INFO] [stdout] 
[INFO] [stdout] error: return value of constructor must be a bare path
[INFO] [stdout]     --> /opt/rustwide/cargo-home/registry/src/github.com-1ecc6299db9ec823/js-sys-0.3.17/src/lib.rs:4056:13
[INFO] [stdout]      |
[INFO] [stdout] 4056 | /             /// An
[INFO] [stdout] 4057 | |             #[doc = $ctor]
[INFO] [stdout] 4058 | |             /// which creates an array with an internal buffer large
[INFO] [stdout] 4059 | |             /// enough for `length` elements.
[INFO] [stdout] ...    |
[INFO] [stdout] 4064 | |             #[wasm_bindgen(constructor)]
[INFO] [stdout] 4065 | |             pub fn new_with_length(length: u32) -> $name;
[INFO] [stdout]      | |_________________________________________________________^
[INFO] [stdout] ...
[INFO] [stdout] 4197 | / arrays! {
[INFO] [stdout] 4198 | |     /// `Int8Array()`
[INFO] [stdout] 4199 | |     /// https://developer.mozilla.org/en-US/docs/Web/JavaScript/Reference/Global_Objects/Int8Array
[INFO] [stdout] 4200 | |     Int8Array: i8,
[INFO] [stdout] ...    |
[INFO] [stdout] 4232 | |     Float64Array: f64,
[INFO] [stdout] 4233 | | }
[INFO] [stdout]      | |_- in this macro invocation
[INFO] [stdout]      |
[INFO] [stdout]      = note: this error originates in a macro (in Nightly builds, run with -Z macro-backtrace for more info)
[INFO] [stdout] 
[INFO] [stdout] 
[INFO] [stdout] error: return value of constructor must be a bare path
[INFO] [stdout]     --> /opt/rustwide/cargo-home/registry/src/github.com-1ecc6299db9ec823/js-sys-0.3.17/src/lib.rs:4067:13
[INFO] [stdout]      |
[INFO] [stdout] 4067 | /             /// An
[INFO] [stdout] 4068 | |             #[doc = $ctor]
[INFO] [stdout] 4069 | |             /// which creates an array with the given buffer but is a
[INFO] [stdout] 4070 | |             /// view starting at `byte_offset`.
[INFO] [stdout] ...    |
[INFO] [stdout] 4075 | |             #[wasm_bindgen(constructor)]
[INFO] [stdout] 4076 | |             pub fn new_with_byte_offset(buffer: &JsValue, byte_offset: u32) -> $name;
[INFO] [stdout]      | |_____________________________________________________________________________________^
[INFO] [stdout] ...
[INFO] [stdout] 4197 | / arrays! {
[INFO] [stdout] 4198 | |     /// `Int8Array()`
[INFO] [stdout] 4199 | |     /// https://developer.mozilla.org/en-US/docs/Web/JavaScript/Reference/Global_Objects/Int8Array
[INFO] [stdout] 4200 | |     Int8Array: i8,
[INFO] [stdout] ...    |
[INFO] [stdout] 4232 | |     Float64Array: f64,
[INFO] [stdout] 4233 | | }
[INFO] [stdout]      | |_- in this macro invocation
[INFO] [stdout]      |
[INFO] [stdout]      = note: this error originates in a macro (in Nightly builds, run with -Z macro-backtrace for more info)
[INFO] [stdout] 
[INFO] [stdout] 
[INFO] [stdout] error: return value of constructor must be a bare path
[INFO] [stdout]     --> /opt/rustwide/cargo-home/registry/src/github.com-1ecc6299db9ec823/js-sys-0.3.17/src/lib.rs:4078:13
[INFO] [stdout]      |
[INFO] [stdout] 4078 | /             /// An
[INFO] [stdout] 4079 | |             #[doc = $ctor]
[INFO] [stdout] 4080 | |             /// which creates an array with the given buffer but is a
[INFO] [stdout] 4081 | |             /// view starting at `byte_offset` for `length` elements.
[INFO] [stdout] ...    |
[INFO] [stdout] 4090 | |                 length: u32,
[INFO] [stdout] 4091 | |             ) -> $name;
[INFO] [stdout]      | |_______________________^
[INFO] [stdout] ...
[INFO] [stdout] 4197 | / arrays! {
[INFO] [stdout] 4198 | |     /// `Int8Array()`
[INFO] [stdout] 4199 | |     /// https://developer.mozilla.org/en-US/docs/Web/JavaScript/Reference/Global_Objects/Int8Array
[INFO] [stdout] 4200 | |     Int8Array: i8,
[INFO] [stdout] ...    |
[INFO] [stdout] 4232 | |     Float64Array: f64,
[INFO] [stdout] 4233 | | }
[INFO] [stdout]      | |_- in this macro invocation
[INFO] [stdout]      |
[INFO] [stdout]      = note: this error originates in a macro (in Nightly builds, run with -Z macro-backtrace for more info)
[INFO] [stdout] 
[INFO] [stdout] 
[INFO] [stdout] error: first argument of method must be a path
[INFO] [stdout]     --> /opt/rustwide/cargo-home/registry/src/github.com-1ecc6299db9ec823/js-sys-0.3.17/src/lib.rs:4098:32
[INFO] [stdout]      |
[INFO] [stdout] 4098 |               pub fn fill(this: &$name, value: $ty, start: u32, end: u32) -> $name;
[INFO] [stdout]      |                                  ^^^^^
[INFO] [stdout] ...
[INFO] [stdout] 4197 | / arrays! {
[INFO] [stdout] 4198 | |     /// `Int8Array()`
[INFO] [stdout] 4199 | |     /// https://developer.mozilla.org/en-US/docs/Web/JavaScript/Reference/Global_Objects/Int8Array
[INFO] [stdout] 4200 | |     Int8Array: i8,
[INFO] [stdout] ...    |
[INFO] [stdout] 4232 | |     Float64Array: f64,
[INFO] [stdout] 4233 | | }
[INFO] [stdout]      | |_- in this macro invocation
[INFO] [stdout]      |
[INFO] [stdout]      = note: this error originates in a macro (in Nightly builds, run with -Z macro-backtrace for more info)
[INFO] [stdout] 
[INFO] [stdout] 
[INFO] [stdout] error: first argument of method must be a path
[INFO] [stdout]     --> /opt/rustwide/cargo-home/registry/src/github.com-1ecc6299db9ec823/js-sys-0.3.17/src/lib.rs:4103:34
[INFO] [stdout]      |
[INFO] [stdout] 4103 |               pub fn buffer(this: &$name) -> ArrayBuffer;
[INFO] [stdout]      |                                    ^^^^^
[INFO] [stdout] ...
[INFO] [stdout] 4197 | / arrays! {
[INFO] [stdout] 4198 | |     /// `Int8Array()`
[INFO] [stdout] 4199 | |     /// https://developer.mozilla.org/en-US/docs/Web/JavaScript/Reference/Global_Objects/Int8Array
[INFO] [stdout] 4200 | |     Int8Array: i8,
[INFO] [stdout] ...    |
[INFO] [stdout] 4232 | |     Float64Array: f64,
[INFO] [stdout] 4233 | | }
[INFO] [stdout]      | |_- in this macro invocation
[INFO] [stdout]      |
[INFO] [stdout]      = note: this error originates in a macro (in Nightly builds, run with -Z macro-backtrace for more info)
[INFO] [stdout] 
[INFO] [stdout] 
[INFO] [stdout] error: first argument of method must be a path
[INFO] [stdout]     --> /opt/rustwide/cargo-home/registry/src/github.com-1ecc6299db9ec823/js-sys-0.3.17/src/lib.rs:4108:36
[INFO] [stdout]      |
[INFO] [stdout] 4108 |               pub fn subarray(this: &$name, begin: u32, end: u32) -> $name;
[INFO] [stdout]      |                                      ^^^^^
[INFO] [stdout] ...
[INFO] [stdout] 4197 | / arrays! {
[INFO] [stdout] 4198 | |     /// `Int8Array()`
[INFO] [stdout] 4199 | |     /// https://developer.mozilla.org/en-US/docs/Web/JavaScript/Reference/Global_Objects/Int8Array
[INFO] [stdout] 4200 | |     Int8Array: i8,
[INFO] [stdout] ...    |
[INFO] [stdout] 4232 | |     Float64Array: f64,
[INFO] [stdout] 4233 | | }
[INFO] [stdout]      | |_- in this macro invocation
[INFO] [stdout]      |
[INFO] [stdout]      = note: this error originates in a macro (in Nightly builds, run with -Z macro-backtrace for more info)
[INFO] [stdout] 
[INFO] [stdout] 
[INFO] [stdout] error: first argument of method must be a path
[INFO] [stdout]     --> /opt/rustwide/cargo-home/registry/src/github.com-1ecc6299db9ec823/js-sys-0.3.17/src/lib.rs:4114:33
[INFO] [stdout]      |
[INFO] [stdout] 4114 |               pub fn slice(this: &$name, begin: u32, end: u32) -> $name;
[INFO] [stdout]      |                                   ^^^^^
[INFO] [stdout] ...
[INFO] [stdout] 4197 | / arrays! {
[INFO] [stdout] 4198 | |     /// `Int8Array()`
[INFO] [stdout] 4199 | |     /// https://developer.mozilla.org/en-US/docs/Web/JavaScript/Reference/Global_Objects/Int8Array
[INFO] [stdout] 4200 | |     Int8Array: i8,
[INFO] [stdout] ...    |
[INFO] [stdout] 4232 | |     Float64Array: f64,
[INFO] [stdout] 4233 | | }
[INFO] [stdout]      | |_- in this macro invocation
[INFO] [stdout]      |
[INFO] [stdout]      = note: this error originates in a macro (in Nightly builds, run with -Z macro-backtrace for more info)
[INFO] [stdout] 
[INFO] [stdout] 
[INFO] [stdout] error: first argument of method must be a path
[INFO] [stdout]     --> /opt/rustwide/cargo-home/registry/src/github.com-1ecc6299db9ec823/js-sys-0.3.17/src/lib.rs:4121:36
[INFO] [stdout]      |
[INFO] [stdout] 4121 |               pub fn for_each(this: &$name, callback: &mut FnMut($ty, u32, $name));
[INFO] [stdout]      |                                      ^^^^^
[INFO] [stdout] ...
[INFO] [stdout] 4197 | / arrays! {
[INFO] [stdout] 4198 | |     /// `Int8Array()`
[INFO] [stdout] 4199 | |     /// https://developer.mozilla.org/en-US/docs/Web/JavaScript/Reference/Global_Objects/Int8Array
[INFO] [stdout] 4200 | |     Int8Array: i8,
[INFO] [stdout] ...    |
[INFO] [stdout] 4232 | |     Float64Array: f64,
[INFO] [stdout] 4233 | | }
[INFO] [stdout]      | |_- in this macro invocation
[INFO] [stdout]      |
[INFO] [stdout]      = note: this error originates in a macro (in Nightly builds, run with -Z macro-backtrace for more info)
[INFO] [stdout] 
[INFO] [stdout] 
[INFO] [stdout] error: first argument of method must be a path
[INFO] [stdout]     --> /opt/rustwide/cargo-home/registry/src/github.com-1ecc6299db9ec823/js-sys-0.3.17/src/lib.rs:4126:34
[INFO] [stdout]      |
[INFO] [stdout] 4126 |               pub fn length(this: &$name) -> u32;
[INFO] [stdout]      |                                    ^^^^^
[INFO] [stdout] ...
[INFO] [stdout] 4197 | / arrays! {
[INFO] [stdout] 4198 | |     /// `Int8Array()`
[INFO] [stdout] 4199 | |     /// https://developer.mozilla.org/en-US/docs/Web/JavaScript/Reference/Global_Objects/Int8Array
[INFO] [stdout] 4200 | |     Int8Array: i8,
[INFO] [stdout] ...    |
[INFO] [stdout] 4232 | |     Float64Array: f64,
[INFO] [stdout] 4233 | | }
[INFO] [stdout]      | |_- in this macro invocation
[INFO] [stdout]      |
[INFO] [stdout]      = note: this error originates in a macro (in Nightly builds, run with -Z macro-backtrace for more info)
[INFO] [stdout] 
[INFO] [stdout] 
[INFO] [stdout] error: first argument of method must be a path
[INFO] [stdout]     --> /opt/rustwide/cargo-home/registry/src/github.com-1ecc6299db9ec823/js-sys-0.3.17/src/lib.rs:4131:39
[INFO] [stdout]      |
[INFO] [stdout] 4131 |               pub fn byte_length(this: &$name) -> u32;
[INFO] [stdout]      |                                         ^^^^^
[INFO] [stdout] ...
[INFO] [stdout] 4197 | / arrays! {
[INFO] [stdout] 4198 | |     /// `Int8Array()`
[INFO] [stdout] 4199 | |     /// https://developer.mozilla.org/en-US/docs/Web/JavaScript/Reference/Global_Objects/Int8Array
[INFO] [stdout] 4200 | |     Int8Array: i8,
[INFO] [stdout] ...    |
[INFO] [stdout] 4232 | |     Float64Array: f64,
[INFO] [stdout] 4233 | | }
[INFO] [stdout]      | |_- in this macro invocation
[INFO] [stdout]      |
[INFO] [stdout]      = note: this error originates in a macro (in Nightly builds, run with -Z macro-backtrace for more info)
[INFO] [stdout] 
[INFO] [stdout] 
[INFO] [stdout] error: first argument of method must be a path
[INFO] [stdout]     --> /opt/rustwide/cargo-home/registry/src/github.com-1ecc6299db9ec823/js-sys-0.3.17/src/lib.rs:4136:39
[INFO] [stdout]      |
[INFO] [stdout] 4136 |               pub fn byte_offset(this: &$name) -> u32;
[INFO] [stdout]      |                                         ^^^^^
[INFO] [stdout] ...
[INFO] [stdout] 4197 | / arrays! {
[INFO] [stdout] 4198 | |     /// `Int8Array()`
[INFO] [stdout] 4199 | |     /// https://developer.mozilla.org/en-US/docs/Web/JavaScript/Reference/Global_Objects/Int8Array
[INFO] [stdout] 4200 | |     Int8Array: i8,
[INFO] [stdout] ...    |
[INFO] [stdout] 4232 | |     Float64Array: f64,
[INFO] [stdout] 4233 | | }
[INFO] [stdout]      | |_- in this macro invocation
[INFO] [stdout]      |
[INFO] [stdout]      = note: this error originates in a macro (in Nightly builds, run with -Z macro-backtrace for more info)
[INFO] [stdout] 
[INFO] [stdout] 
[INFO] [stdout] error: first argument of method must be a path
[INFO] [stdout]     --> /opt/rustwide/cargo-home/registry/src/github.com-1ecc6299db9ec823/js-sys-0.3.17/src/lib.rs:4141:31
[INFO] [stdout]      |
[INFO] [stdout] 4141 |               pub fn set(this: &$name, src: &JsValue, offset: u32);
[INFO] [stdout]      |                                 ^^^^^
[INFO] [stdout] ...
[INFO] [stdout] 4197 | / arrays! {
[INFO] [stdout] 4198 | |     /// `Int8Array()`
[INFO] [stdout] 4199 | |     /// https://developer.mozilla.org/en-US/docs/Web/JavaScript/Reference/Global_Objects/Int8Array
[INFO] [stdout] 4200 | |     Int8Array: i8,
[INFO] [stdout] ...    |
[INFO] [stdout] 4232 | |     Float64Array: f64,
[INFO] [stdout] 4233 | | }
[INFO] [stdout]      | |_- in this macro invocation
[INFO] [stdout]      |
[INFO] [stdout]      = note: this error originates in a macro (in Nightly builds, run with -Z macro-backtrace for more info)
[INFO] [stdout] 
[INFO] [stdout] 
[INFO] [stdout] error[E0433]: failed to resolve: use of undeclared type or module `Int8Array`
[INFO] [stdout]     --> /opt/rustwide/cargo-home/registry/src/github.com-1ecc6299db9ec823/js-sys-0.3.17/src/lib.rs:4200:5
[INFO] [stdout]      |
[INFO] [stdout] 4200 |     Int8Array: i8,
[INFO] [stdout]      |     ^^^^^^^^^ use of undeclared type or module `Int8Array`
[INFO] [stdout] 
[INFO] [stdout] 
[INFO] [stdout] error[E0433]: failed to resolve: use of undeclared type or module `Int16Array`
[INFO] [stdout]     --> /opt/rustwide/cargo-home/registry/src/github.com-1ecc6299db9ec823/js-sys-0.3.17/src/lib.rs:4204:5
[INFO] [stdout]      |
[INFO] [stdout] 4204 |     Int16Array: i16,
[INFO] [stdout]      |     ^^^^^^^^^^ use of undeclared type or module `Int16Array`
[INFO] [stdout] 
[INFO] [stdout] 
[INFO] [stdout] error[E0433]: failed to resolve: use of undeclared type or module `Int32Array`
[INFO] [stdout]     --> /opt/rustwide/cargo-home/registry/src/github.com-1ecc6299db9ec823/js-sys-0.3.17/src/lib.rs:4208:5
[INFO] [stdout]      |
[INFO] [stdout] 4208 |     Int32Array: i32,
[INFO] [stdout]      |     ^^^^^^^^^^ use of undeclared type or module `Int32Array`
[INFO] [stdout] 
[INFO] [stdout] 
[INFO] [stdout] error[E0433]: failed to resolve: use of undeclared type or module `Uint8Array`
[INFO] [stdout]     --> /opt/rustwide/cargo-home/registry/src/github.com-1ecc6299db9ec823/js-sys-0.3.17/src/lib.rs:4212:5
[INFO] [stdout]      |
[INFO] [stdout] 4212 |     Uint8Array: u8,
[INFO] [stdout]      |     ^^^^^^^^^^ use of undeclared type or module `Uint8Array`
[INFO] [stdout] 
[INFO] [stdout] 
[INFO] [stdout] error[E0433]: failed to resolve: use of undeclared type or module `Uint8ClampedArray`
[INFO] [stdout]     --> /opt/rustwide/cargo-home/registry/src/github.com-1ecc6299db9ec823/js-sys-0.3.17/src/lib.rs:4216:5
[INFO] [stdout]      |
[INFO] [stdout] 4216 |     Uint8ClampedArray: u8,
[INFO] [stdout]      |     ^^^^^^^^^^^^^^^^^ use of undeclared type or module `Uint8ClampedArray`
[INFO] [stdout] 
[INFO] [stdout] 
[INFO] [stdout] error[E0433]: failed to resolve: use of undeclared type or module `Uint16Array`
[INFO] [stdout]     --> /opt/rustwide/cargo-home/registry/src/github.com-1ecc6299db9ec823/js-sys-0.3.17/src/lib.rs:4220:5
[INFO] [stdout]      |
[INFO] [stdout] 4220 |     Uint16Array: u16,
[INFO] [stdout]      |     ^^^^^^^^^^^ use of undeclared type or module `Uint16Array`
[INFO] [stdout] 
[INFO] [stdout] 
[INFO] [stdout] error[E0433]: failed to resolve: use of undeclared type or module `Uint32Array`
[INFO] [stdout]     --> /opt/rustwide/cargo-home/registry/src/github.com-1ecc6299db9ec823/js-sys-0.3.17/src/lib.rs:4224:5
[INFO] [stdout]      |
[INFO] [stdout] 4224 |     Uint32Array: u32,
[INFO] [stdout]      |     ^^^^^^^^^^^ use of undeclared type or module `Uint32Array`
[INFO] [stdout] 
[INFO] [stdout] 
[INFO] [stdout] error[E0433]: failed to resolve: use of undeclared type or module `Float32Array`
[INFO] [stdout]     --> /opt/rustwide/cargo-home/registry/src/github.com-1ecc6299db9ec823/js-sys-0.3.17/src/lib.rs:4228:5
[INFO] [stdout]      |
[INFO] [stdout] 4228 |     Float32Array: f32,
[INFO] [stdout]      |     ^^^^^^^^^^^^ use of undeclared type or module `Float32Array`
[INFO] [stdout] 
[INFO] [stdout] 
[INFO] [stdout] error[E0433]: failed to resolve: use of undeclared type or module `Float64Array`
[INFO] [stdout]     --> /opt/rustwide/cargo-home/registry/src/github.com-1ecc6299db9ec823/js-sys-0.3.17/src/lib.rs:4232:5
[INFO] [stdout]      |
[INFO] [stdout] 4232 |     Float64Array: f64,
[INFO] [stdout]      |     ^^^^^^^^^^^^ use of undeclared type or module `Float64Array`
[INFO] [stdout] 
[INFO] [stdout] 
[INFO] [stdout] error[E0412]: cannot find type `Int8Array` in this scope
[INFO] [stdout]     --> /opt/rustwide/cargo-home/registry/src/github.com-1ecc6299db9ec823/js-sys-0.3.17/src/lib.rs:4200:5
[INFO] [stdout]      |
[INFO] [stdout] 4200 |     Int8Array: i8,
[INFO] [stdout]      |     ^^^^^^^^^ not found in this scope
[INFO] [stdout] 
[INFO] [stdout] 
[INFO] [stdout] error[E0412]: cannot find type `Int16Array` in this scope
[INFO] [stdout]     --> /opt/rustwide/cargo-home/registry/src/github.com-1ecc6299db9ec823/js-sys-0.3.17/src/lib.rs:4204:5
[INFO] [stdout]      |
[INFO] [stdout] 4204 |     Int16Array: i16,
[INFO] [stdout]      |     ^^^^^^^^^^ not found in this scope
[INFO] [stdout] 
[INFO] [stdout] 
[INFO] [stdout] error[E0412]: cannot find type `Int32Array` in this scope
[INFO] [stdout]     --> /opt/rustwide/cargo-home/registry/src/github.com-1ecc6299db9ec823/js-sys-0.3.17/src/lib.rs:4208:5
[INFO] [stdout]      |
[INFO] [stdout] 4208 |     Int32Array: i32,
[INFO] [stdout]      |     ^^^^^^^^^^ not found in this scope
[INFO] [stdout] 
[INFO] [stdout] 
[INFO] [stdout] error[E0412]: cannot find type `Uint8Array` in this scope
[INFO] [stdout]     --> /opt/rustwide/cargo-home/registry/src/github.com-1ecc6299db9ec823/js-sys-0.3.17/src/lib.rs:4212:5
[INFO] [stdout]      |
[INFO] [stdout] 4212 |     Uint8Array: u8,
[INFO] [stdout]      |     ^^^^^^^^^^ not found in this scope
[INFO] [stdout] 
[INFO] [stdout] 
[INFO] [stdout] error[E0412]: cannot find type `Uint8ClampedArray` in this scope
[INFO] [stdout]     --> /opt/rustwide/cargo-home/registry/src/github.com-1ecc6299db9ec823/js-sys-0.3.17/src/lib.rs:4216:5
[INFO] [stdout]      |
[INFO] [stdout] 4216 |     Uint8ClampedArray: u8,
[INFO] [stdout]      |     ^^^^^^^^^^^^^^^^^ not found in this scope
[INFO] [stdout] 
[INFO] [stdout] 
[INFO] [stdout] error[E0412]: cannot find type `Uint16Array` in this scope
[INFO] [stdout]     --> /opt/rustwide/cargo-home/registry/src/github.com-1ecc6299db9ec823/js-sys-0.3.17/src/lib.rs:4220:5
[INFO] [stdout]      |
[INFO] [stdout] 4220 |     Uint16Array: u16,
[INFO] [stdout]      |     ^^^^^^^^^^^ not found in this scope
[INFO] [stdout] 
[INFO] [stdout] 
[INFO] [stdout] error[E0412]: cannot find type `Uint32Array` in this scope
[INFO] [stdout]     --> /opt/rustwide/cargo-home/registry/src/github.com-1ecc6299db9ec823/js-sys-0.3.17/src/lib.rs:4224:5
[INFO] [stdout]      |
[INFO] [stdout] 4224 |     Uint32Array: u32,
[INFO] [stdout]      |     ^^^^^^^^^^^ not found in this scope
[INFO] [stdout] 
[INFO] [stdout] 
[INFO] [stdout] error[E0412]: cannot find type `Float32Array` in this scope
[INFO] [stdout]     --> /opt/rustwide/cargo-home/registry/src/github.com-1ecc6299db9ec823/js-sys-0.3.17/src/lib.rs:4228:5
[INFO] [stdout]      |
[INFO] [stdout] 4228 |     Float32Array: f32,
[INFO] [stdout]      |     ^^^^^^^^^^^^ not found in this scope
[INFO] [stdout] 
[INFO] [stdout] 
[INFO] [stdout] error[E0412]: cannot find type `Float64Array` in this scope
[INFO] [stdout]     --> /opt/rustwide/cargo-home/registry/src/github.com-1ecc6299db9ec823/js-sys-0.3.17/src/lib.rs:4232:5
[INFO] [stdout]      |
[INFO] [stdout] 4232 |     Float64Array: f64,
[INFO] [stdout]      |     ^^^^^^^^^^^^ not found in this scope
[INFO] [stdout] 
[INFO] [stdout] 
[INFO] [stdout] error: aborting due to 31 previous errors
[INFO] [stdout] 
[INFO] [stdout] 
[INFO] [stdout] Some errors have detailed explanations: E0412, E0433.
[INFO] [stdout] 
[INFO] [stdout] For more information about an error, try `rustc --explain E0412`.
[INFO] [stdout] 
[INFO] [stderr] error: could not compile `js-sys`.
[INFO] [stderr] 
[INFO] [stderr] To learn more, run the command again with --verbose.
[INFO] [stderr] warning: build failed, waiting for other jobs to finish...
[INFO] [stderr] error: build failed
[INFO] running `Command { std: "docker" "inspect" "5c44a362e8d0c67f26b765eb4b68808ca5ef23bf0726b552c3c4ad5f41092fc8", kill_on_drop: false }`
[INFO] running `Command { std: "docker" "rm" "-f" "5c44a362e8d0c67f26b765eb4b68808ca5ef23bf0726b552c3c4ad5f41092fc8", kill_on_drop: false }`
[INFO] [stdout] 5c44a362e8d0c67f26b765eb4b68808ca5ef23bf0726b552c3c4ad5f41092fc8
